m - m. Determine x(-7).
-19
Let f be -1*(3 - 7) + 2. Let r(n) be the first derivative of -n**3/3 + 4*n**2 - 9*n - 24. Give r(f).
3
Let a(d) be the second derivative of -d**4/12 - 7*d**3/2 - 3*d**2/2 + 3*d + 5. What is a(-21)?
-3
Let p(i) = 4*i + 5. Let c be ((-3)/7)/((-17)/(-119)). Give p(c).
-7
Let l(j) = -64*j**3 + 31*j**3 + 32*j**3 - 5 - j. What is l(0)?
-5
Let i(x) = x**2 + 21*x + 18. Let z(g) = -g**2 - 21*g - 20. Let m(q) = -2*i(q) - 3*z(q). Determine m(-20).
4
Let a be (-3)/(-6) + (-57)/(-6). Let n(h) = -9 + 0*h + a + 4*h. Give n(3).
13
Let q = 1 + -5. Let k(i) = 7*i - 14*i + 4*i + 2*i - 5. Calculate k(q).
-1
Let r be (-12)/3*(3 - 5). Let q(l) = -l**2 + 9*l - 9. Give q(r).
-1
Suppose 7 = 5*a - 3. Let t(u) = -3*u**2 + a*u**2 + 7 - 19 + 9*u. Determine t(8).
-4
Let s = 267 + -272. Let q(d) = 1. Let l(m) = -m**2 - 3*m - 6. Let t(r) = l(r) + 3*q(r). What is t(s)?
-13
Let l(t) be the first derivative of -t**3/3 - 9*t**2/2 + 21*t + 141. Give l(-10).
11
Let t(b) be the third derivative of b**4/4 + b**3/6 - 3*b**2. Suppose -4*o + 6 = 3*q, -5*q + 3*o - 10 - 9 = 0. Determine t(q).
-11
Suppose 5*a = 4*p - 33, 5*p - 8 = p. Let t(x) = x**3 + 7*x**2 + 11*x. Give t(a).
-5
Let j(k) be the first derivative of -2/3*k**3 + 5/24*k**4 + 1/60*k**5 + 0*k + 2*k**2 + 4. Let r(y) be the second derivative of j(y). What is r(-6)?
2
Suppose 8*v = 3*v + 10. Let b(w) = -3*w - 372 + 3*w**v + w**3 + w + 376. Give b(-4).
-4
Let r(o) = o**2 + 2*o - 4. Suppose -18*c - 14 = 94. Let g = -2 + 4. Let x be 3 + c + g + -3. What is r(x)?
4
Suppose 0 = -f - 0 + 7. Let o be (-512)/36 - 2/(-9). Let n be 10/o - 2/f. Let p(i) = 6*i**2 + 1. Calculate p(n).
7
Let z(m) = -m**3 + 5*m**2 + 9*m - 7. Suppose 15*i - 35 = -5. Suppose 2 = -i*c + 14. Determine z(c).
11
Suppose -2*g - 3*i + 2 = -0*i, 0 = 3*i + 6. Let a(s) be the second derivative of -6*s + 0 - 1/6*s**3 - 1/4*s**5 + 0*s**g + 0*s**2. Determine a(-1).
6
Let b(w) be the third derivative of w**7/2520 + w**6/240 - w**5/40 - 47*w**4/24 + 27*w**2. Let m(x) be the second derivative of b(x). Give m(2).
7
Suppose 0 = -3*r - p + 22, -6*r + 2*p = -r - 44. Let h(v) = 4 + 0 + 2 + v**2 + 0 + r*v. What is h(-8)?
6
Let k(n) = n**3 - n + 1. Let x(q) = 3*q**3 - 6*q**2 - 4*q + 4. Let s(l) = 4*k(l) - x(l). Let m be s(-6). Suppose 3 + m = -r. Let d(z) = -z + 4. What is d(r)?
7
Let r be ((-12)/10)/(8/(-20)). Let a(t) = 16*t**3 + t**2 + t**2 - 6*t**r + 2 - 8*t**3. What is a(-2)?
-6
Let z be -3*5/(-30)*-10. Let v(m) = m**2 + 6*m - 6. Determine v(z).
-11
Suppose -2*q + 4*q - 2*m - 60 = 0, -3*q + 4*m = -88. Let i = q + -36. Let z(h) = -h**3 - 3*h**2 + 3*h + 6. What is z(i)?
10
Let o(q) = -q**3 + q**2 - q + 2. Let j(z) = -2*z**2 + z + 1. Let w be j(1). Let s be 0/(-6 + (w - -2) - -7). Determine o(s).
2
Let v(g) = -3*g - 8. Let s = 1478 - 1485. Calculate v(s).
13
Suppose 2*t - 4*t + 8 = 0. Let o(q) = -2*q + 3*q - t + 1. Suppose 0 = -1603*u + 1595*u + 48. Determine o(u).
3
Let o(r) = 5*r**2 - 11*r - 14. Let n(d) = 3*d**2 - 11*d - 13. Let g(c) = -3*n(c) + 2*o(c). Suppose -v = -2 + 12. Calculate g(v).
1
Let u(l) = 2 - 4*l + 6*l + 0*l - 4*l. What is u(-7)?
16
Let n = -109 - -104. Suppose -4*k = -19 - 5. Let x(o) = -k - 2*o + 2 + 3*o. Give x(n).
-9
Let x(q) be the second derivative of q**5/20 - q**4/6 + 2*q**3/3 - q**2 + q. Let w be (104/12 + -2)*-3. Let v be (-5)/10 - w/8. Give x(v).
6
Let b(w) = -10 - 2 - 127*w + 138*w - w**2. Calculate b(9).
6
Let f(g) = g**3 - 6*g**2 + 8. Let u = -214 + 220. Calculate f(u).
8
Let o(y) be the first derivative of 7*y**2/2 + 2*y + 168. Determine o(-4).
-26
Let t(p) = 4*p - 3. Let f(r) = 2*r - 2. Let u(c) = -5*f(c) + 3*t(c). Suppose -2 = 5*w + i, -w - w = 3*i + 6. Suppose w = m - 1 + 5. What is u(m)?
-7
Let m(f) = -4*f**2 - 9*f. Let y(u) be the second derivative of -5*u**4/12 - 5*u**3/3 - u**2/2 - 37*u. Let i(r) = 6*m(r) - 5*y(r). Calculate i(4).
5
Let x = -3 + 7. Suppose 0 = 2*k + 2 + x. Let p(f) = -4*f - 3. What is p(k)?
9
Let x(i) = -25*i - 2*i**3 + 22*i - 19 - 17*i**2 + 13*i**2 + 47*i**2 - 17*i. Calculate x(21).
2
Let u(q) = q**3 + 2*q**2 - 2*q - 2. Suppose 0 = -p - 5*d - 5, 3*p - 2*d - 2*d = 23. Suppose -13 = 5*a + k, -p*k + k = -5*a - 23. Determine u(a).
-5
Let j(h) = h**3 - 6*h**2 + 6*h - 4. Suppose -5*y - 25 = -2*u + u, 5*y = -u - 15. Give j(u).
1
Let r(s) = -5*s**2 - 3*s - 3. Let b(t) = t**2 - t + 1. Let c(u) = 3*b(u) + r(u). Let i = 5 + -4. Let z be (3/(-6))/(i/8). What is c(z)?
-8
Let p(l) be the second derivative of 1/6*l**3 + 0 - 3*l + 1/2*l**2. What is p(4)?
5
Let s(t) = -5*t**2 + 2*t - 1. Let p(u) = 17*u**2 - 10*u + 7. Let o(i) = p(i) + 4*s(i). Let j = -3 + 0. Calculate o(j).
-18
Suppose 5*g + 4*z = 6, -3*z = -4*g + 8*g - 4. Let p(v) = v**2 + v - 2. Give p(g).
0
Let v(p) = 0*p**3 - 10*p**2 - p**3 + 1023 - 1041 - 5*p**2 - 15*p. Determine v(-14).
-4
Suppose 6*f - 4*v + 78 = 0, 3*f = -f - 2*v - 52. Let k(s) = s**2 + 13*s + 4. Determine k(f).
4
Let g = -30 - -32. Let i(a) = -10*a**g + 2*a + 4 - 3 + 15*a**2. Let f(m) = m + 1. Let v(l) = -f(l) + i(l). Determine v(-1).
4
Suppose 0 = 4*l + c + 16, 4*c = 4*l + c. Let p(b) = 4 + 8*b - 2 - 3 - 1. Determine p(l).
-26
Let i be 8/(-6)*27/(-24)*-4. Let u(b) = -b**2 - 4*b + 12. Let y be u(i). Let s(r) be the second derivative of -r**5/20 - r**3/6 + 3*r**2 + r. Determine s(y).
6
Let d(f) = f**3 - 4*f**2 + 2*f + 1. Let m(w) = -w**2 + 29*w - 24. Let r be m(28). What is d(r)?
9
Let g(v) be the first derivative of -v**2/2 - 10*v + 821. Calculate g(-10).
0
Let i(f) = -f + 2. Let h be 1272/30 - 4/10. Suppose -5*x - 2*x - h = 0. Calculate i(x).
8
Let n be 108/14 + 12/42. Let h(m) = m**3 - 2*m**2 + 4*m - 3. Let v be h(2). Suppose -q = -v*l + n + 9, -3*l = -q - 11. Let w(s) = -2*s**2 + 4*s. Give w(l).
-6
Let k(v) be the third derivative of -v**7/840 - v**6/90 - v**5/40 - v**4/8 - 8*v**3/3 + 20*v**2. Let n(s) be the first derivative of k(s). Calculate n(-3).
-3
Let b(g) = -g**3 - 6*g**2 - 7*g - 3. Let l be 1/((-2)/(-9 + 1)). Suppose l*h - 4*q + 264 = 0, 3*h - 5*q + 264 = -h. Let n be h/14 + (-2)/7. What is b(n)?
7
Let y(h) = -h**2 + 8*h - 8. Let o(s) = s**3 + 3*s**2 - 4*s + 3. Let d be o(-4). Let u be y(d). Let p(c) = c**3 - 8*c**2 + 6*c - 2. Determine p(u).
-9
Let w be 4/3 + 99/27. Suppose k = f - 3 + 2, -w*f = -2*k - 8. Let c(r) = -3*r**3 - 2*r**2 + 1. What is c(k)?
-4
Let h(r) = -3*r + 1. Let l be h(2). Let z(n) = 2 + 6*n + 9*n + 9*n - 24*n + 2*n. Calculate z(l).
-8
Let j(p) be the first derivative of p**4/4 + 7*p**3/3 - 4*p**2 - 4*p - 94. Determine j(-8).
-4
Suppose r = 5 + 3. Let k = r + -7. Let j(w) = 3 + 3 - 2*w + 0*w - k. What is j(6)?
-7
Let l(j) = j**3 + 2*j**2 - 2*j + 3. Let m be l(-3). Let d = 17 + -15. Let y(v) = v**2 + m*v**d + 1 + v**2 + 5*v**2. Give y(-1).
8
Let k(u) = -u**2 - 3*u. Let f be (5/(-2))/5 - (-171)/(-38). Calculate k(f).
-10
Let c(h) = -84*h + 4*h**2 - h**3 + 84*h - h**2. What is c(2)?
4
Let a be 3*(8/12 + 3 + -6). Let c(u) = -u**2 - 5*u + 7. Calculate c(a).
-7
Suppose 17 + 19 = 4*g - 4*z, -5*g + 25 = 5*z. Let l be 1/g - 180/35. Let a(t) = -4*t - 2 + 2*t + 3*t + 1. Give a(l).
-6
Let w(s) be the third derivative of -1/120*s**6 + 0*s**3 - 1/12*s**5 + 0*s - 1/8*s**4 + 0 + 16*s**2. What is w(-3)?
-9
Let l(r) be the first derivative of -r**4/4 + r**3/3 + 8*r - 2. Let y(t) = 240*t + 960. Let h be y(-4). Calculate l(h).
8
Let w be ((-6)/(-2) + -3)/2. Let d(a) be the first derivative of -a**3 - a**2 + 11*a - 5. Let n(r) = -2*r**2 - r + 5. Let f(p) = 3*d(p) - 5*n(p). Give f(w).
8
Suppose -r - 16 = -3*x, -x - r = -5*x + 20. Let c(d) be the second derivative of 0 + 5/2*d**2 - 1/6*d**3 - 4*d. Calculate c(x).
1
Suppose 0 = -29*r + 2 - 2. Let h(b) = -b**2 + b - 27. Calculate h(r).
-27
Let a(w) = 3*w**3 + w**2 - 2*w - 2. Suppose 27 = -6*z + 21. Calculate a(z).
-2
Let t(g) = -g**3 - 5*g**2 - 1. Let m be 3*(-2)/3 - -17. Suppose -7*f + 11*f = 0. Suppose 0 = -3*q - f - m. Determine t(q).
-1
Let q(y) = y**3 + 16*y**2 + 2*y + 4. Suppose -3*c + 12*k - 57 = 9*k, 0 = -2*k + 6. Give q(c).
-28
Suppose -216 - 89 = 5*a. Let t = a - -67. Let f(x) = -x**2 + 6*x - 5. Calculate f(t).
-5
Let a(u) = -u**2 + 7*u - 5. Let v = 19 + -12. Let d(q) = -q + 14. Let w be d(v). Give a(w).
-5
Let y(d) = -3*d**2 - 11*d + 4. Suppose -216 + 196 = 4*i. Give y(i).
-16
Let c(m) = m - 2. Let q be (-6 + 8)*(-10)/